eatest common factor of 58674 and 13462.
254
What is the highest common factor of 877832 and 11032?
1576
What is the greatest common factor of 794 and 591285845?
397
What is the greatest common factor of 142848290 and 260?
130
Calculate the highest common factor of 3381408 and 299097.
1791
Calculate the highest common factor of 16769944 and 1748.
92
What is the highest common divisor of 75005 and 30401?
7
Calculate the greatest common divisor of 160655 and 203159.
253
What is the highest common divisor of 1794 and 51248370?
138
What is the highest common divisor of 16 and 374787152?
16
What is the highest common factor of 5860455 and 30?
15
What is the greatest common factor of 40 and 15074620?
20
What is the greatest common factor of 4614828 and 2980?
596
Calculate the greatest common factor of 3230 and 1044620.
190
What is the highest common divisor of 126 and 1471482?
18
Calculate the greatest common divisor of 5544 and 5552640.
72
Calculate the greatest common factor of 1600 and 3062675.
25
Calculate the highest common factor of 165 and 11694441.
33
What is the highest common divisor of 9895152 and 3404?
92
Calculate the highest common divisor of 45 and 31026780.
45
Calculate the highest common divisor of 10138527 and 161.
7
What is the greatest common divisor of 4154 and 758911?
31
Calculate the highest common divisor of 48341945 and 295.
295
What is the greatest common factor of 173 and 1981133547?
173
Calculate the greatest common divisor of 168639 and 213797.
67
What is the highest common factor of 365944 and 8416?
8
What is the highest common divisor of 4 and 118382?
2
What is the greatest common factor of 7882379715 and 1785?
1785
Calculate the greatest common divisor of 369450625 and 10750.
5375
What is the highest common factor of 1210 and 3946?
2
What is the highest common factor of 187985 and 577157?
287
Calculate the highest common divisor of 55436 and 1028.
4
What is the highest common factor of 207231 and 1489611?
201
Calculate the highest common divisor of 5038 and 2094202.
22
Calculate the greatest common factor of 1660198 and 54.
2
Calculate the highest common divisor of 51211 and 582079.
83
Calculate the greatest common factor of 21260592 and 17006.
1546
Calculate the greatest common divisor of 37141 and 845.
13
Calculate the highest common divisor of 4432740 and 66.
6
Calculate the greatest common divisor of 470560 and 1139.
17
Calculate the greatest common factor of 11457 and 21393234.
603
What is the greatest common factor of 2750891 and 24167?
143
Calculate the greatest common divisor of 48477 and 55693.
11
Calculate the greatest common factor of 39569952 and 12.
12
What is the highest common divisor of 338562 and 630?
126
Calculate the highest common divisor of 287981 and 509868.
4721
What is the greatest common factor of 2071208308 and 923?
923
What is the highest common factor of 20 and 10383370?
10
Calculate the greatest common factor of 5147388 and 72.
36
What is the greatest common factor of 4247008 and 6290?
1258
What is the highest common factor of 96 and 1404542?
2
Calculate the highest common divisor of 11402381 and 219.
73
Calculate the greatest common factor of 17 and 9194418.
1
What is the highest common factor of 1080 and 26442080?
40
Calculate the greatest common divisor of 9506906 and 4484.
118
What is the highest common divisor of 101816604 and 1032?
516
What is the greatest common divisor of 53904528 and 34992?
1296
What is the highest common divisor of 100796 and 46607?
223
Calculate the greatest common factor of 391 and 144173039.
391
What is the greatest common divisor of 46 and 267272?
2
What is the greatest common factor of 56062600 and 320?
40
Calculate the greatest common factor of 55792 and 38368.
176
What is the highest common factor of 2550 and 1552684800?
2550
What is the greatest common factor of 1052149770 and 105?
105
What is the highest common divisor of 156500 and 183500?
500
Calculate the greatest common divisor of 112710 and 1059825.
195
What is the highest common factor of 646859617 and 19?
19
What is the greatest common divisor of 455846 and 3020376?
634
What is the highest common factor of 63395 and 964565?
155
Calculate the highest common divisor of 124 and 205108.
4
What is the greatest common divisor of 15073207 and 1477?
211
Calculate the greatest common divisor of 5289774 and 86.
86
Calculate the greatest common factor of 9172 and 21070377.
2293
What is the greatest common factor of 59299581 and 1320?
33
What is the highest common divisor of 1587140536 and 232?
232
What is the greatest common divisor of 340 and 2751850?
10
Calculate the highest common factor of 217724770 and 1108.
554
Calculate the highest common factor of 747276 and 2676.
12
What is the highest common divisor of 177681 and 903?
21
What is the greatest common factor of 100941996 and 13899?
339
Calculate the greatest common factor of 811 and 51570679.
811
Calculate the highest common divisor of 265510 and 18704.
14
What is the highest common divisor of 355 and 3356809?
71
Calculate the highest common factor of 196 and 2446325.
49
What is the highest common factor of 118984 and 90072?
1112
What is the greatest common divisor of 56419 and 38962?
253
What is the highest common divisor of 12735544 and 23080?
4616
Calculate the greatest common divisor of 79186870 and 950.
190
Calculate the highest common factor of 1332133 and 15615.
347
What is the highest common factor of 90 and 2534050?
10
Calculate the highest common factor of 463 and 101211337.
463
What is the greatest common divisor of 40408165 and 4060?
1015
What is the greatest common factor of 162808 and 18186?
866
Calculate the greatest common factor of 318746269 and 2893.
263
What is the greatest common factor of 2618097168 and 852?
852
What is the highest common factor of 304 and 29643876?
76
Calculate the highest common divisor of 13368 and 46609203.
1671
What is the highest common divisor of 404881476 and 44751?
6393
What is the greatest common factor of 28776 and 3802656?
264
Calculate the highest common factor of 55 and 234865.
5
Calculate the highest common divisor of 193750 and 8220.
10
Calculate the greatest common factor of 123754896 and 4064.
2032
Calculate the greatest common divisor of 20765199 and 1533.
21
What is the highest common divisor of 44444663 and 73?
73
What is the highest common factor of 33000 and 4721000?
1000
Calculate the greatest common factor of 179023 and 22889.
47
Calculate the highest common factor of 20044923 and 903.
129
Calculate the greatest common divisor of 1420840 and 87280.
40
Calculate the greatest common divisor of 66571489 and 7.
1
Calculate the greatest common factor of 1705248 and 25792.
992
What is the highest common divisor of 132671378 and 42?
14
Calculate the greatest common divisor of 364485 and 139698570.
7755
What is the greatest common divisor of 119508 and 106273788?
5196
Calculate the highest common divisor of 748 and 20956920.
68
What is the greatest common divisor of 27972 and 1161972?
756
Calculate the greatest common factor of 7486 and 37924.
38
What is the greatest common divisor of 40108 and 55204?
148
Calculate the greatest common factor of 510 and 1162063254.
102
What is the greatest common divisor of 26851 and 7471901?
2441
Calculate the greatest common factor of 31950 and 67308.
426
Calculate the greatest common divisor of 2526136150 and 370.
370
What is the highest common divisor of 1519801439 and 1313?
1313
Calculate the highest common divisor of 267824 and 2893472.
304
What is the highest common divisor of 8693770 and 4370?
230
What is the greatest common divisor of 222956 and 27741180?
1604
What is the greatest common divisor of 2914824 and 1584?
264
Calculate the highest common factor of 1071954 and 370656.
2106
Calculate the highest common divisor of 3708336 and 10704.
48
Calculate the greatest common divisor of 13118586 and 182.
26
Calculate the greatest common divisor of 6572810 and 60.
10
Calculate the greatest common divisor of 824262 and 4692.
102
Calculate the highest common divisor of 464055 and 115.
5
Calculate the highest common divisor of 83072 and 312768.
64
Calculate the greatest common factor of 9061218 and 387688.
1978
What is the highest common divisor of 3622756 a